3?
1
What is the tens digit of 4365390727?
2
What is the tens digit of 46461322?
2
What is the units digit of 2268097?
7
What is the hundred thousands digit of 2595833455?
8
What is the thousands digit of 2365419474?
9
What is the ten millions digit of 81726224?
8
What is the thousands digit of 112713103?
3
What is the ten millions digit of 10968642?
1
What is the hundred thousands digit of 188587484?
5
What is the thousands digit of 28691654?
1
What is the hundreds digit of 37041390?
3
What is the billions digit of 1548600702?
1
What is the millions digit of 69268847?
9
What is the millions digit of 1567006407?
7
What is the hundreds digit of 113587029?
0
What is the units digit of 5840903779?
9
What is the ten millions digit of 34333192?
3
What is the ten millions digit of 11799209?
1
What is the thousands digit of 2865267738?
7
What is the tens digit of 79432321?
2
What is the units digit of 4586076219?
9
What is the hundreds digit of 1488325689?
6
What is the millions digit of 448667755?
8
What is the tens digit of 455149601?
0
What is the hundreds digit of 3582?
5
What is the ten thousands digit of 719633840?
3
What is the units digit of 168950001?
1
What is the ten millions digit of 1520763878?
2
What is the ten millions digit of 95159894?
9
What is the units digit of 360250614?
4
What is the hundreds digit of 1766230489?
4
What is the millions digit of 3725474045?
5
What is the millions digit of 47554695?
7
What is the hundreds digit of 37016413?
4
What is the units digit of 79961123?
3
What is the tens digit of 162065880?
8
What is the ten millions digit of 82255779?
8
What is the billions digit of 1120013314?
1
What is the thousands digit of 302869916?
9
What is the units digit of 105119782?
2
What is the hundreds digit of 364857510?
5
What is the hundred thousands digit of 2429219215?
2
What is the hundred thousands digit of 342968754?
9
What is the hundreds digit of 86540290?
2
What is the hundred millions digit of 548519284?
5
What is the hundreds digit of 451422587?
5
What is the hundreds digit of 2667166483?
4
What is the tens digit of 1944997508?
0
What is the units digit of 20493987?
7
What is the hundred millions digit of 238026876?
2
What is the thousands digit of 302736787?
6
What is the units digit of 5827768?
8
What is the millions digit of 529565451?
9
What is the ten millions digit of 18135768?
1
What is the thousands digit of 133478915?
8
What is the ten millions digit of 394285072?
9
What is the hundred thousands digit of 2948556996?
5
What is the hundred thousands digit of 2867764?
8
What is the ten thousands digit of 9320328?
2
What is the hundreds digit of 424680214?
2
What is the hundreds digit of 50657524?
5
What is the ten thousands digit of 53572187?
7
What is the tens digit of 191348691?
9
What is the ten thousands digit of 7700275?
0
What is the hundreds digit of 22800291?
2
What is the units digit of 75834054?
4
What is the ten millions digit of 40868873?
4
What is the units digit of 2968469428?
8
What is the ten millions digit of 606405891?
0
What is the hundreds digit of 275711723?
7
What is the hundred thousands digit of 42783219?
7
What is the tens digit of 695695576?
7
What is the hundred millions digit of 175703493?
1
What is the millions digit of 4108804026?
8
What is the millions digit of 63514929?
3
What is the tens digit of 937613296?
9
What is the ten millions digit of 54626856?
5
What is the hundred millions digit of 1178499070?
1
What is the units digit of 145752838?
8
What is the ten millions digit of 54712424?
5
What is the millions digit of 17469423?
7
What is the hundreds digit of 2696834340?
3
What is the ten millions digit of 68203073?
6
What is the hundred thousands digit of 119659309?
6
What is the millions digit of 862485149?
2
What is the units digit of 736752590?
0
What is the tens digit of 354454121?
2
What is the units digit of 629241911?
1
What is the thousands digit of 48660619?
0
What is the ten thousands digit of 393412243?
1
What is the hundreds digit of 1111613659?
6
What is the units digit of 90271457?
7
What is the ten thousands digit of 110053860?
5
What is the hundred millions digit of 350970770?
3
What is the ten thousands digit of 825406803?
0
What is the ten thousands digit of 39336907?
3
What is the hundreds digit of 34534772?
7
What is the hundred thousands digit of 4214142?
2
What is the millions digit of 434717605?
4
What is the tens digit of 63300566?
6
What is the ten thousands digit of 146619087?
1
What is the units digit of 259768154?
4
What is the hundred thousands digit of 1588053284?
0
What is the units digit of 531687149?
9
What is the hundred thousands digit of 300415819?
4
What is the hundred thousands digit of 417264783?
2
What is the ten thousands digit of 408148612?
4
What is the hundreds digit of 149613932?
9
What is the thousands digit of 1462186542?
6
What is the ten thousands digit of 732192656?
9
What is the millions digit of 2637180356?
7
What is the ten millions digit of 83173612?
8
What is the hundred thousands digit of 21352648?
3
What is the hundreds digit of 76016237?
2
What is the hundreds digit of 12394706?
7
What is the ten thousands digit of 609947672?
4
What is the thousands digit of 378308698?
8
What is the ten millions digit of 535671840?
3
What is the hundreds digit of 447002131?
1
What is the hundred thousands digit of 1483720689?
7
What is the units digit of 54341110?
0
What is the hundred thousands digit of 4903015828?
0
What is the millions digit of 239494332?
9
What is the ten millions digit of 3441101184?
4
What is the billions digit of 4345553728?
4
What is the tens digit of 4368564553?
5
What is the units digit of 2644931303?
3
What is the ten millions digit of 143925096?
4
What is the ten millions digit of 4120615142?
2
What is the ten millions digit of 170914015?
7
What is the hundred thousands digit of 318766504?
7
What is the billions digit of 2505210188?
2
What is the ten millions digit of 12168724?
1
What is the hundred thousands digit of 504955864?
9
What is the millions digit of 47161265?
7
What is the tens digit of 6187351219?
1
What is the hundred thousands digit of 240926875?
9
What is the millions digit of 336518989?
6
What is the hundred thousands digit of 60180920?
1
What is the units digit of 770450727?
7
What is the hundred thousands digit of 171757933?
7
What is the thousands digit of 5344094?
4
What is the hundred thousands digit of 100061586?
0
What is the hundred thousands digit of 26983829?
9
What is the hundred thousands digit of 51723084?
7
What is the ten thousands digit of 310405788?
0
What is the ten millions digit of 298720561?
9
What is the units digit of 48835221?
1
What is the ten millions digit of 4372384726?
7
What is the hundreds digit of 3186742?
7
What is the ten millions digit of 211644452?
1
What is the hundred millions digit of 387807886?
3
What is the billions digit of 6318674742?
6
What is the hundred thousands digit of 163574206?
5
What is the billions digit of 4778832831?
4
What is the ten thousands digit of 18787963?
8
What is the tens digit of 383546790?
9
What is the thousands digit of 12993208?
3
What is the units digit of 259808402?
2
What is the hundreds digit of 2909996490?
4
What is the units digit of 1581513921?
1
What is the hundred thousands digit of 3646069820?
0
What is the ten thousands digit of 93449336?
4
What is the hundred millions digit of 128372704?
1
What is the hundred thousands digit of 203553517?
5
What is the ten millions digit of 32087527?
3
What is the thousands digit of 22777330?
7
What is the thousands digit of 11930629?
0
What is the hundreds digit of 221848903?
9
What is the millions digit of 602995857?
2
What is the units digit of 3663391469?
9
What is the thousands digit of 2980864994?
4
What is the ten millions digit of 27598841?
2
What is the ten thousands digit of 790622489?
2
What is the ten thousands digit of 17662247?
6
What is the ten thousands digit of 787914203?
1
What is the hundred thousands digit of 352367422?
3
What is the millions digit of 1008851792?
8
What is the hundred millions digit of 9051273818?
0
What is the ten thousands digit of 294519222?
1
What is the ten millions digit of 5503208715?
0
What is the thousands digit of 886219